 + 3*d - 1. Let z be i(3). List the prime factors of o(z).
2
Suppose 0 = -t - 2 + 7. Suppose -a = -1, -7 - 6 = -n - t*a. List the prime factors of n.
2
Suppose 3 = -3*s, 4 - 10 = -w + s. List the prime factors of w.
5
Let i(n) = -55*n - 5. What are the prime factors of i(-3)?
2, 5
Suppose 0 = 4*j - 108 - 16. List the prime factors of j.
31
Let d = 5 - 5. Let z(o) = -o**3 + o**2 - o + 7. What are the prime factors of z(d)?
7
List the prime factors of (-4)/(-12) + (-104)/(-3).
5, 7
Let u(p) be the third derivative of -p**4/12 - p**3/3 + 2*p**2. What are the prime factors of u(-5)?
2
Let d(t) = t**3 - 6*t**2 + 3*t + 5. List the prime factors of d(6).
23
Suppose 4*b = 3*d - 57, -3*b + 56 = -5*b - 4*d. Let r be (b/(-4))/((-3)/(-6)). Suppose r - 39 = -3*c. What are the prime factors of c?
2, 5
Let t(k) = 2*k - 7. What are the prime factors of t(10)?
13
Let n(d) = d**3 - 19*d**2 - 37*d + 32. What are the prime factors of n(21)?
137
Suppose 1325 = -4*q + 9*q. What are the prime factors of q?
5, 53
Let d(x) = x + 41. What are the prime factors of d(-17)?
2, 3
Suppose 8*k - 4*k = 16. Suppose 0 = 4*o + 4*i - 44, 3*o + k*i - 36 = -0*i. List the prime factors of o.
2
Suppose 2*j + 4*a + 128 = -2*j, -2*j + 2*a - 76 = 0. List the prime factors of (-5)/(-15) + j/(-3).
2, 3
Let x = 25 + -8. What are the prime factors of x?
17
Suppose -5*d = -4*d - 1. Let b(i) be the first derivative of 5*i**3/3 - i + 3. List the prime factors of b(d).
2
Let d(v) = v**2 + 13*v + 5. Let q(c) = c**2 + 14*c + 5. Let g(o) = -4*d(o) + 3*q(o). Let u be (-2)/(-2*1) + -9. List the prime factors of g(u).
11
Suppose -4*s = -20, -5*l + 19 - 4 = -s. Suppose l*y - 3*j = j + 92, 0 = -5*j - 5. List the prime factors of y.
2, 11
Let n(u) = u**3 - 2*u**2 - 6*u + 1. List the prime factors of n(5).
2, 23
Let a = 2 + -4. Let s = 9 + -3. What are the prime factors of a/(0 - 1) + s?
2
Let x(z) = z**3 + 8*z**2 + z + 4. Let w be x(-6). Let y = w + -34. What are the prime factors of 3/((-18)/(-3))*y?
2, 3
Let m(i) = -i**2 - 5*i. Suppose -4*d + 0 - 4 = 0. Let b be (-1 + -1)*(-2)/d. What are the prime factors of m(b)?
2
Let m(q) = -q - 6. Let j be m(-11). Suppose j = 5*l - 25. What are the prime factors of l?
2, 3
Suppose 285 = 3*h + 4*g, h - 85 = g + g. Let r = h - 42. List the prime factors of r.
7
Suppose 4*u = -2*s + 12, 0 = -2*s - 3*u + 16 - 3. What are the prime factors of (s/(-3))/(4/(-18))?
2, 3
Let v = -20 + 35. Suppose -z - 21 = -4*p, -p - v = -6*p + 5*z. What are the prime factors of p?
2, 3
Suppose -x + 14 = 3*b + 3*x, 2*b = -4*x + 12. Let a = 2 - b. What are the prime factors of (0 - 1 - a)*-7?
7
Let u(n) = n**3 + 9*n**2 + 6*n - 9. Let k be u(-8). Let p = 9 - k. What are the prime factors of p?
2
Suppose 730 = 5*d - 0*d. Suppose 0 = -2*a + v + 21 + 35, -d = -5*a + 4*v. List the prime factors of a.
2, 13
Let d(r) = 4*r**2 - 1. Let v be d(1). Let m = v - -4. List the prime factors of m - (-3 + 3 + -2).
3
Suppose r = 3*r - 78. What are the prime factors of r?
3, 13
Let a(q) be the third derivative of -q**6/120 - 3*q**5/20 - 5*q**4/12 + q**3/6 + 3*q**2. List the prime factors of a(-8).
17
Let x(m) = -m**3 - 9*m**2 + 5. Let g be x(-9). Suppose g*h - h - 48 = 0. List the prime factors of h.
2, 3
Let s = -8 - -7. What are the prime factors of -1 - s - 20/(-2)?
2, 5
Let v = -13 + 51. Let o = v + -20. What are the prime factors of o?
2, 3
List the prime factors of (2/(-4))/((-3)/114).
19
Let z = 83 + -39. Let r = -28 + z. List the prime factors of r.
2
Suppose -2*b + 32 = 5*k - 204, -2*b + 6 = 0. List the prime factors of k.
2, 23
Let x(p) be the second derivative of p**4/6 + p**2 + p. List the prime factors of x(2).
2, 5
Let j(m) = -2*m**2 + m - 2. Let s be j(2). Let y(g) = -g**2 - 10*g - 5. List the prime factors of y(s).
11
Let z(f) = f - 4. Suppose -2*j = -4*k + j + 63, -2*k = -j - 29. Suppose -a + k = a. What are the prime factors of z(a)?
2
Let a(l) = -l**2 + 18*l - 6. Let t be a(10). Let f = t + -34. List the prime factors of f.
2, 5
Let w(f) = f**3 - f**2 + f. Let v be w(2). Let i = 6 - v. Suppose i = -2*b + 5*b - 24. List the prime factors of b.
2
Suppose -80 = 2*v + 8. Let y = 72 + v. List the prime factors of y.
2, 7
Suppose -5*x + 0*x = 5*d - 190, -117 = -4*d + 3*x. Let m = -22 + d. List the prime factors of m.
11
Suppose 3*y - 5*u - 7 = 9, 0 = 2*y + 5*u + 6. Suppose -5*w = -2*b - y*b - 41, 5*w + 4*b - 9 = 0. Suppose -5 = -w*z + 30. List the prime factors of z.
7
Let i be (120/35)/((-2)/(-14)). Suppose 5*d - 8*d + i = 0. What are the prime factors of d?
2
Let l = -36 - 6. Let b(j) = j**3 - 7*j**2 - 12*j + 2. Let y be b(8). Let s = y - l. List the prime factors of s.
2, 3
Let f(h) = h**3 - h**2. Let x be f(2). Let w = -4 + 4. Suppose x*i - 5*i + 5 = w. What are the prime factors of i?
5
Let m be (-296)/(-3)*(-6)/(-4). Let s = m - 91. Let g = s - 40. List the prime factors of g.
17
Let n be 11/(-44) - (-75)/(-4). Let o = 30 - n. List the prime factors of o.
7
Suppose 2*l = f + 10 + 29, 0 = -5*f + 25. List the prime factors of l.
2, 11
Let u(g) = 15*g + 2. List the prime factors of u(3).
47
Let v = -149 + 251. What are the prime factors of v?
2, 3, 17
Let r(u) = u**2 + 5*u - 8. Let h be r(-6). Let y be 3 - -3 - 1*h. Let o = y + -5. What are the prime factors of o?
3
Let f(m) = m + 14. Let r be 808/(-88) - 2/(-11). List the prime factors of f(r).
5
Let g(w) = 5*w**2 + 9*w - 2 - w - w**3 - 2*w**2 + 2*w**2. Let o be g(6). Suppose -2*v - 3*m + 33 = 0, 0 = -5*v + 2*m + 64 - o. What are the prime factors of v?
2, 3
Let c be (-6)/(-9)*27/(-6). Let l(k) = k + 3. Let t be l(c). What are the prime factors of t - 0 - (-12 - 8)?
2, 5
Suppose -87 = -2*b - 27. What are the prime factors of b?
2, 3, 5
Suppose 28 + 4 = 4*t. Suppose -t + 26 = 2*k. Let n = k - 6. What are the prime factors of n?
3
Suppose 0 = 3*n - 12, -n = 3*v - 3*n - 562. What are the prime factors of v?
2, 5, 19
Suppose -3*t + 2*q = -2, 3*q + 8 = 5*t - 3*t. Let l be 3/t*(-20)/15. What are the prime factors of 18/(l - -1) - -1?
7
What are the prime factors of ((-72)/(-32))/((-2)/(-64)*2)?
2, 3
Suppose -1 = -2*g - 5. What are the prime factors of (-26)/g - 0 - -2?
3, 5
Let h = -109 + 308. What are the prime factors of h?
199
Let s be 151/(-9) - (-6)/(-27). Let j = 26 + s. Let w = -1 + j. What are the prime factors of w?
2
Let y(l) = -l**2 + 10*l + 7. What are the prime factors of y(5)?
2
Let t(i) = i**3 - 10*i**2 + 11*i - 9. List the prime factors of t(9).
3
List the prime factors of 2898/33 - 3 - (-2)/11.
5, 17
Let s(v) = 4 - v**2 + 2*v**2 + 6*v + 0*v. What are the prime factors of s(-7)?
11
Let f(d) = 5*d**3 + 2*d**2 - 2*d + 2. Let s be f(2). Let n = -28 + s. Let w = n + -11. List the prime factors of w.
7
Let n be -2*((-3)/(-6) - 2). Suppose -5*o - l = n, l + 0*l + 3 = 0. Suppose 69 = 5*q - 4*d, o = -5*q - 0*d - 4*d + 61. List the prime factors of q.
13
Let y be (-3)/(-15) + (-2)/10. Suppose -2*x + y*x = -104. List the prime factors of x.
2, 13
Let v(i) = i**3 + 0 - 3 - i + 9*i - i + 10*i**2. List the prime factors of v(-9).
3, 5
List the prime factors of (-8338)/(-132) - 2/12.
3, 7
Suppose 129 = 3*f - 3*g, 3*g - 207 = -f - 4*f. List the prime factors of f.
2, 3, 7
Suppose f - 10 = -0*f. What are the prime factors of f?
2, 5
Let c = 29 + -18. List the prime factors of c.
11
Suppose 3*z - 3*n - 15 = 0, -5*n + n + 7 = 5*z. Let o(i) = 3 - 1 + z*i - 3. What are the prime factors of o(1)?
2
Let x(g) = 14*g**2 + g + 4. List the prime factors of x(-3).
127
Suppose -2*u - 4*i + 6 = 0, 0*i + 2*i = -2. Suppose -4*j + 3*x + 36 = 0, 2*j + 3*x = u*j - 30. What are the prime factors of j?
2, 3
Suppose 5 = -4*t + 101. List the prime factors of t.
2, 3
Let v(r) = -15*r**2 + 2*r - 9. Let o(w) = 7*w**2 - w + 5. Let c(a) = 13*o(a) + 6*v(a). What are the prime factors of c(0)?
11
Suppose 3 = c - 1. Suppose c*a + 5*d = -a + 50, 3*d + 75 = 4*a. What are the prime factors of a?
3, 5
Let q = 3 + -1. Suppose q*w = 5 - 9. What are the prime factors of (18/(-27))/(w/18)?
2, 3
Let f be ((-10)/(-4))/((-1)/4). Let t = f - -24. List the prime factors of t.
2, 7
Let d be (-1104)/(-32)*(-2)/3. Let w = d - -48. What are the prime factors of w?
5
Suppose -6*l = -8*l + 54. What are the prime factors of l?
3
Let c(v) = -3*v + 5. Let m be 1/(((-4)/32)/1). What are the pr